Let r = 129 + -6. Is r composite?
True
Let c = 52 + -39. Is c a composite number?
False
Suppose -2*u - u + 4 = 4*i, -4 = 5*u - 4*i. Suppose u = -2*r - r + 45. Is r a prime number?
False
Suppose 0 = -3*r + 2*b + 152, 5*r = -0*r + 3*b + 253. Let z = r + -15. Is z composite?
True
Is ((-2)/(-1))/((-13)/((-5161)/2)) prime?
True
Let r be ((-3)/(-6))/((-1)/(-10)). Suppose -r*z + 532 = -z. Is z prime?
False
Suppose -3*p + 3358 = -5*v, -3*v + v + 2*p - 1340 = 0. Is 12/16 + v/(-8) prime?
False
Let j(z) = -4*z + z + 4*z - 8. Let a be j(6). Is (7/a)/(2/(-116)) a prime number?
False
Let b(y) = 72*y**3 + 2*y**2 - 2*y + 1. Let h be b(1). Suppose 0 = -3*n + 2*f + 247, h = n - 0*n - 3*f. Is n prime?
False
Let n(r) = 2*r + 5. Suppose 0 = -k - 1 - 3. Let a be n(k). Let w(y) = -15*y + 2. Is w(a) a composite number?
False
Suppose -22 = -5*q - 2. Suppose -4*b = c - 12, -q*b - c + 12 = -5*c. Suppose 71 = 5*m - i, -b*i - 4 - 13 = -m. Is m a composite number?
True
Let r(m) = m**3 - 3*m + 2. Let a be r(2). Suppose -a*s + 54 = -3*s + b, 5*b = -5. Suppose -5*f + s + 20 = 0. Is f prime?
False
Suppose -2*v + 27 = 5*x, -v - 19 = -2*x - 2*x. Let n(m) = 3*m**2 + 3*m - 7. Is n(x) a prime number?
True
Let h = 58 + 365. Let z = 680 - h. Is z composite?
False
Suppose -7779 - 12498 = -9*j. Is j prime?
False
Let t(g) = -g**3 - 8*g**2 - 5*g - 8. Is t(-9) a composite number?
True
Let a(w) = 2*w**2 + 5*w + 6 - 5*w**2 - 2*w - w**3 - 3. Is a(-4) composite?
False
Let j = -1 + 29. Suppose 3 = -t + q - 3, -3*t + 5*q - j = 0. Is t*(-2)/(-6)*-195 a composite number?
True
Let a(i) = 5*i**3 - i**2 - i + 1. Let d be a(1). Is (1113/(-6))/((-2)/d) prime?
False
Suppose -854 = -t + 555. Is t prime?
True
Let v = 776 + 2165. Is v prime?
False
Let l(y) = -2*y**2 - 4*y. Let k be l(-3). Is -65*(k/5)/2 prime?
False
Let t = 1614 + -1138. Suppose 481 = -0*i + i - 3*b, 0 = i + 2*b - t. Is i composite?
True
Let d be (-3)/(-2) + (-398)/(-4). Let r be 3/(-9) - (-193)/3. Let w = d - r. Is w a prime number?
True
Suppose -4*w + 156 = 4*q, 4*q + 185 = 5*w - q. Suppose -5*k = 3*h - w, -4*h - 4*k = -5*h - 10. Is (-3822)/(-12) + h/(-4) a prime number?
True
Suppose 0 = 4*q - 5*n + 32, -5*q - 7 = 2*n - 0. Is (-3)/q*1 - -252 composite?
True
Let c be 4/(-22) + (-96)/(-44). Let l = c - -5. Is l composite?
False
Suppose -3*j + j = -358. Is j composite?
False
Suppose 0 = 4*g - 15 - 29. Is 4/(1*2/g) a composite number?
True
Let a(p) = -546*p**3 + 4*p**2 + 4*p + 5. Is a(-2) prime?
False
Let m be 2/(3 + -3 + 2). Is 74 - (2/m + 1) composite?
False
Let a(k) = 45*k**2 - 6*k + 4. Is a(-5) prime?
False
Suppose -356 = 5*j - 1311. Is j a composite number?
False
Suppose -104 = -0*u - 4*u. Suppose -2*y - 2*y + 144 = 0. Let d = y - u. Is d prime?
False
Suppose -1622 = 5*k - 6347. Let r = k - 494. Is r a composite number?
True
Let b(u) = 3*u**2 - 5*u + 6. Let m be b(4). Let p = m + -23. Is p prime?
True
Is 2782/8 - 15/20 a composite number?
False
Let z = 24 - 9. Is z prime?
False
Let p be 16*(4 + (-21)/6). Let a(f) = 5*f**2 + 2*f - 1. Is a(p) composite?
True
Suppose 29 = -3*a + 98. Is a prime?
True
Let q be (94/(-4))/(4/(-24)). Let l = q - -82. Is l composite?
False
Suppose q - 3*w = 325, -7*q + 3*q - 5*w + 1368 = 0. Is q a prime number?
True
Let z = 410 + -91. Is z composite?
True
Suppose 0 = 3*i - 6*i + 27. Let s = 5 + i. Is s a prime number?
False
Suppose 17*u = 18*u - 58. Is u composite?
True
Suppose -2*b = 2*b - 232. Let y = 81 - b. Is y composite?
False
Suppose -2*v - 2*v - 12 = 0. Let u(c) = -2*c**3 - c**2 + 3*c + 1. Is u(v) a prime number?
True
Let h be 3/5*(-6 - -1). Let y be -2*h/(-2) - -1. Is 1/y - (-321)/6 a composite number?
False
Suppose -2*t + 379 = 2*h - 319, -5*h + 704 = 2*t. Is t composite?
False
Let g = 8 - 5. Suppose -11 = -g*h + 1. Suppose q + 195 = h*q. Is q composite?
True
Suppose -4*t = -3*u - 764, 9*t = 4*t + 3*u + 952. Suppose -t = -2*p - 2*p. Is p composite?
False
Let o(i) = i - 4. Let w(c) = -4. Let v(g) = 3*o(g) - 2*w(g). Let b be 1/5 + 132/15. Is v(b) prime?
True
Suppose d - 4 = -3*c, 5 + 5 = 4*c - d. Let o(v) = -v**2 + v + 2. Let f be o(c). Suppose -1012 = -4*r - f*r. Is r a prime number?
False
Let j = -144 - -417. Let r = j - 184. Is r a prime number?
True
Let a(l) = l**2 - 10*l - 17. Let f be a(12). Let m(v) = -v**2 + 9*v + 7. Is m(f) prime?
False
Let v(r) be the first derivative of 7*r**2/2 - r + 4. Is v(2) composite?
False
Suppose 5*w = -5*l + 495, -l = 3*l - 8. Is w a composite number?
False
Suppose -9 = -0*t - 3*t. Suppose -t*h + 474 + 828 = 0. Suppose -5*p - 19 = -h. Is p a prime number?
True
Suppose c = -3*o, 4*o - 4*c = -o. Suppose -2*d + 0 + 4 = o. Suppose 5*y - 78 = d*y. Is y a composite number?
True
Let z be -348*(8/(-6))/(-2). Let q = z + 377. Is q a prime number?
False
Suppose 21 = -2*t + y - 3, 4*t + 5*y + 48 = 0. Let p = 139 + t. Is p a prime number?
True
Let m be ((-12)/(-5))/((-15)/(-1350)). Suppose -119 = -g + m. Is g composite?
True
Suppose z - 326 = -z. Is z a composite number?
False
Suppose a + 4*y = 1 - 2, 3*y = 2*a + 13. Let h(u) = u. Let x(k) = 23*k. Let d(t) = 6*h(t) - x(t). Is d(a) a composite number?
True
Suppose 19*o - 21*o = -158. Is o a composite number?
False
Let i be 8/(-5)*(0 + -5). Let q(c) = 9*c**2 - 13*c - 23. Let s(v) = -5*v**2 + 6*v + 12. Let b(u) = 3*q(u) + 5*s(u). Is b(i) prime?
True
Suppose 2*b = -5*q + 212, 3*b + b = 2*q + 448. Suppose 2*l = -l + b. Is l a composite number?
False
Let d(z) = 2*z - 1. Let w be d(-1). Let h = 4 + w. Is 53 - (4 - h) - -3 composite?
False
Let p(t) = 94*t - 7. Is p(5) prime?
True
Suppose 0*t = -3*t + 78. Suppose 4*r - t - 18 = 0. Is r prime?
True
Suppose 3*h = -0*o + 3*o + 24, h = 5*o + 24. Is o/(-10) + 452/20 a composite number?
False
Suppose 2*a + v = -16, a - 3*a + 3*v - 32 = 0. Is 22/(-5)*a/4 a prime number?
True
Suppose 0*v = -5*v - 20, -4*h - 4*v = -1212. Is h a composite number?
False
Let j = -2004 + 6551. Is j composite?
False
Let q = 368 - 157. Is q a composite number?
False
Is 2174*((-15)/10)/((-3)/1) a composite number?
False
Let p = -57 + -20. Let l = -18 - p. Is l a prime number?
True
Let l(d) = -59*d**2 + 155*d**2 + 2*d - 4*d + 0*d. Let v be l(2). Suppose -4*q + v - 24 = 0. Is q a prime number?
True
Let t be (-12)/(-8)*(3 - -5). Is (-6)/t + (-47)/(-2) composite?
False
Let z(o) = 2*o**2 - 8*o - 8. Is z(7) composite?
True
Suppose c + 3*c = 6044. Is c a composite number?
False
Suppose -912 - 3124 = -4*t. Is t composite?
False
Suppose 2*z + 4*q = 190, 3*q + 321 = 2*z + z. Is z a prime number?
True
Suppose -32*a + 34*a - 2326 = 0. Is a composite?
False
Let g(x) = -23*x**2 - x - 6. Let z be g(-3). Let j = z - -529. Is j prime?
False
Is (-4 + 201/(-1))*-1 prime?
False
Suppose -4*v - 2*d - 5 = d, -2*v + d = -5. Suppose 2*x - 5*t = 2 + 9, -v = t. Suppose 2*k = 3*p + 104, -2*k - x*p + 24 = -104. Is k a composite number?
True
Let w(s) = -s + 5. Let l(u) = -2*u + 11. Let r(g) = 2*l(g) - 5*w(g). Let q be -2 + -1 + (0 - -9). Is r(q) prime?
True
Let c(y) = -8*y**3 + 5*y**2 + y + 3. Let r(j) = 9*j**3 - 5*j**2 - 2*j - 3. Let m(p) = -5*c(p) - 4*r(p). Is m(3) composite?
True
Is 938/2 + 28/(2 + 5) a prime number?
False
Let y = 0 + -2. Let p(r) = -3 + 0*r - 18*r + 4. Is p(y) a prime number?
True
Suppose -2*v = -6*v + 2836. Is v prime?
True
Suppose 4*o - 62 = -v + 25, -o - 156 = -2*v. Is v composite?
False
Is 20/(-4) - 1954/(-1) a composite number?
False
Let m = 0 + 3. Let z = -2 + m. Let k = z + 2. Is k prime?
True
Let s(z) = 3*z**3 - 6*z**2 + 4*z + 1. Suppose 10 = -4*c + 2. Let h = c + 6. Is s(h) prime?
True
Let y(p) = -36*p + 38. Let u(z) = -12*z + 13. Let d(v) = 17*u(v) - 6*y(v). Let c be d(7). Let m = -42 + c. Is m prime?
False
Let w be 2 - (-19)/(-2)*-2. Suppose 5*s = -w + 116. Is s prime?
True
Is 6/9 + 67/3 a prime number?
True
Suppose -q - 5*j = q - 82, -4*j = -4*q + 108. Is q composite?
False
Let d be 4 + (3 + -1)/(-2). Is (-158)/(4/(-6)*d) prime?
True
Let r(g) = -18*g - 2. Let c(v) = 36*v + 3. Let q(m) = 3*c(m) + 5*r(m). Let l be 4*-2*(-2)/8. Is q(l) a prime number?
False
Let z(s) = -s - 2. Let m be z(6). Let f = -30 + -108. Is (-4 - -8)*f/m composite?
True
Suppose 2*x + 0*x + 864 = 0. Let t be (x/10)/((-3)/(-10)). Let w = 265 + t. Is w a composite number?
True
Suppose -c + 4*q + 64 = c, -2*c = q - 44. Let j = -80 + 139. Let w = j